{"id":1319,"date":"2021-11-21T15:14:19","date_gmt":"2021-11-21T15:14:19","guid":{"rendered":"https:\/\/happyseguros.pt\/index.php\/about\/"},"modified":"2023-01-24T11:47:07","modified_gmt":"2023-01-24T11:47:07","slug":"about","status":"publish","type":"page","link":"https:\/\/happyseguros.pt\/index.php\/about\/","title":{"rendered":"About"},"content":{"rendered":"\t\t<div data-elementor-type=\"wp-page\" data-elementor-id=\"1319\" class=\"elementor elementor-1319\">\n\t\t\t\t\t\t\t\t\t<section class=\"elementor-section elementor-top-section elementor-element elementor-element-c8ddeb6 elementor-section-height-min-height elementor-section-boxed elementor-section-height-default elementor-section-items-middle\" data-id=\"c8ddeb6\" data-element_type=\"section\" data-settings=\"{&quot;background_background&quot;:&quot;classic&quot;}\">\n\t\t\t\t\t\t\t<div class=\"elementor-background-overlay\"><\/div>\n\t\t\t\t\t\t\t<div class=\"elementor-container elementor-column-gap-default\">\n\t\t\t\t\t<div class=\"elementor-column elementor-col-100 elementor-top-column elementor-element elementor-element-6a5337e\" data-id=\"6a5337e\" data-element_type=\"column\">\n\t\t\t<div class=\"elementor-widget-wrap elementor-element-populated\">\n\t\t\t\t\t\t\t\t<div class=\"elementor-element elementor-element-feefb6c elementor-widget elementor-widget-heading\" data-id=\"feefb6c\" data-element_type=\"widget\" data-widget_type=\"heading.default\">\n\t\t\t\t<div class=\"elementor-widget-container\">\n\t\t\t<style>\/*! elementor - v3.18.0 - 20-12-2023 *\/\n.elementor-heading-title{padding:0;margin:0;line-height:1}.elementor-widget-heading .elementor-heading-title[class*=elementor-size-]>a{color:inherit;font-size:inherit;line-height:inherit}.elementor-widget-heading .elementor-heading-title.elementor-size-small{font-size:15px}.elementor-widget-heading .elementor-heading-title.elementor-size-medium{font-size:19px}.elementor-widget-heading .elementor-heading-title.elementor-size-large{font-size:29px}.elementor-widget-heading .elementor-heading-title.elementor-size-xl{font-size:39px}.elementor-widget-heading .elementor-heading-title.elementor-size-xxl{font-size:59px}<\/style><h1 class=\"elementor-heading-title elementor-size-default\">As novidades no mundo dos seguros<\/h1>\t\t<\/div>\n\t\t\t\t<\/div>\n\t\t\t\t\t<\/div>\n\t\t<\/div>\n\t\t\t\t\t\t\t<\/div>\n\t\t<\/section>\n\t\t\t\t<section class=\"elementor-section elementor-top-section elementor-element elementor-element-034f786 elementor-section-boxed elementor-section-height-default elementor-section-height-default\" data-id=\"034f786\" data-element_type=\"section\">\n\t\t\t\t\t\t<div class=\"elementor-container elementor-column-gap-default\">\n\t\t\t\t\t<div class=\"elementor-column elementor-col-100 elementor-top-column elementor-element elementor-element-ba0c118\" data-id=\"ba0c118\" data-element_type=\"column\">\n\t\t\t<div class=\"elementor-widget-wrap elementor-element-populated\">\n\t\t\t\t\t\t\t\t<div class=\"elementor-element elementor-element-53b645b elementor-widget elementor-widget-spacer\" data-id=\"53b645b\" data-element_type=\"widget\" data-widget_type=\"spacer.default\">\n\t\t\t\t<div class=\"elementor-widget-container\">\n\t\t\t<style>\/*! elementor - v3.18.0 - 20-12-2023 *\/\n.elementor-column .elementor-spacer-inner{height:var(--spacer-size)}.e-con{--container-widget-width:100%}.e-con-inner>.elementor-widget-spacer,.e-con>.elementor-widget-spacer{width:var(--container-widget-width,var(--spacer-size));--align-self:var(--container-widget-align-self,initial);--flex-shrink:0}.e-con-inner>.elementor-widget-spacer>.elementor-widget-container,.e-con>.elementor-widget-spacer>.elementor-widget-container{height:100%;width:100%}.e-con-inner>.elementor-widget-spacer>.elementor-widget-container>.elementor-spacer,.e-con>.elementor-widget-spacer>.elementor-widget-container>.elementor-spacer{height:100%}.e-con-inner>.elementor-widget-spacer>.elementor-widget-container>.elementor-spacer>.elementor-spacer-inner,.e-con>.elementor-widget-spacer>.elementor-widget-container>.elementor-spacer>.elementor-spacer-inner{height:var(--container-widget-height,var(--spacer-size))}.e-con-inner>.elementor-widget-spacer.elementor-widget-empty,.e-con>.elementor-widget-spacer.elementor-widget-empty{position:relative;min-height:22px;min-width:22px}.e-con-inner>.elementor-widget-spacer.elementor-widget-empty .elementor-widget-empty-icon,.e-con>.elementor-widget-spacer.elementor-widget-empty .elementor-widget-empty-icon{position:absolute;top:0;bottom:0;left:0;right:0;margin:auto;padding:0;width:22px;height:22px}<\/style>\t\t<div class=\"elementor-spacer\">\n\t\t\t<div class=\"elementor-spacer-inner\"><\/div>\n\t\t<\/div>\n\t\t\t\t<\/div>\n\t\t\t\t<\/div>\n\t\t\t\t<div class=\"elementor-element elementor-element-9fdb291 elementor-widget elementor-widget-image\" data-id=\"9fdb291\" data-element_type=\"widget\" data-widget_type=\"image.default\">\n\t\t\t\t<div class=\"elementor-widget-container\">\n\t\t\t<style>\/*! elementor - v3.18.0 - 20-12-2023 *\/\n.elementor-widget-image{text-align:center}.elementor-widget-image a{display:inline-block}.elementor-widget-image a img[src$=\".svg\"]{width:48px}.elementor-widget-image img{vertical-align:middle;display:inline-block}<\/style>\t\t\t\t\t\t\t\t\t\t\t\t<img fetchpriority=\"high\" decoding=\"async\" width=\"758\" height=\"642\" src=\"https:\/\/happyseguros.pt\/wp-content\/uploads\/2023\/01\/seguro_pets.png\" class=\"attachment-full size-full wp-image-1505\" alt=\"\" srcset=\"https:\/\/happyseguros.pt\/wp-content\/uploads\/2023\/01\/seguro_pets.png 758w, https:\/\/happyseguros.pt\/wp-content\/uploads\/2023\/01\/seguro_pets-300x254.png 300w, https:\/\/happyseguros.pt\/wp-content\/uploads\/2023\/01\/seguro_pets-600x508.png 600w\" sizes=\"(max-width: 758px) 100vw, 758px\" \/>\t\t\t\t\t\t\t\t\t\t\t\t\t\t\t<\/div>\n\t\t\t\t<\/div>\n\t\t\t\t<section class=\"elementor-section elementor-inner-section elementor-element elementor-element-d762106 elementor-section-boxed elementor-section-height-default elementor-section-height-default\" data-id=\"d762106\" data-element_type=\"section\">\n\t\t\t\t\t\t<div class=\"elementor-container elementor-column-gap-default\">\n\t\t\t\t\t<div class=\"elementor-column elementor-col-50 elementor-inner-column elementor-element elementor-element-08ec54c\" data-id=\"08ec54c\" data-element_type=\"column\">\n\t\t\t<div class=\"elementor-widget-wrap elementor-element-populated\">\n\t\t\t\t\t\t\t\t<div class=\"elementor-element elementor-element-d35be41 elementor-widget elementor-widget-heading\" data-id=\"d35be41\" data-element_type=\"widget\" data-widget_type=\"heading.default\">\n\t\t\t\t<div class=\"elementor-widget-container\">\n\t\t\t<h3 class=\"elementor-heading-title elementor-size-default\">Zurich lan\u00e7a seguro exclusivo para startups e empreendedores<\/h3>\t\t<\/div>\n\t\t\t\t<\/div>\n\t\t\t\t<div class=\"elementor-element elementor-element-8fa3d11 elementor-widget elementor-widget-text-editor\" data-id=\"8fa3d11\" data-element_type=\"widget\" data-widget_type=\"text-editor.default\">\n\t\t\t\t<div class=\"elementor-widget-container\">\n\t\t\t<style>\/*! elementor - v3.18.0 - 20-12-2023 *\/\n.elementor-widget-text-editor.elementor-drop-cap-view-stacked .elementor-drop-cap{background-color:#69727d;color:#fff}.elementor-widget-text-editor.elementor-drop-cap-view-framed .elementor-drop-cap{color:#69727d;border:3px solid;background-color:transparent}.elementor-widget-text-editor:not(.elementor-drop-cap-view-default) .elementor-drop-cap{margin-top:8px}.elementor-widget-text-editor:not(.elementor-drop-cap-view-default) .elementor-drop-cap-letter{width:1em;height:1em}.elementor-widget-text-editor .elementor-drop-cap{float:left;text-align:center;line-height:1;font-size:50px}.elementor-widget-text-editor .elementor-drop-cap-letter{display:inline-block}<\/style>\t\t\t\t<p><strong>Zurich<\/strong>\u00a0lan\u00e7ou o produto\u00a0<strong>Start&amp;Go,<\/strong>\u00a0um seguro criado para\u00a0<strong><em>startups<\/em>\u00a0e empreendedores<\/strong>. Considerando o elevado potencial de crescimento e desenvolvimento das\u00a0<em>startups<\/em>, o Zurich Start&amp;Go possui uma<strong>\u00a0mec\u00e2nica modular,<\/strong>\u00a0que permite acompanhar a\u00a0<strong>evolu\u00e7\u00e3o da complexidade dos riscos<\/strong>\u00a0com que os empreendedores se deparam, nos diferentes ciclos dos seus neg\u00f3cios, sendo poss\u00edvel, a qualquer momento,\u00a0<strong>ajustar o n\u00edvel de prote\u00e7\u00e3o<\/strong>\u00a0\u00e0\u00a0<strong>maior ou menor exposi\u00e7\u00e3o de risco da empresa.<\/strong><\/p><p><strong>\u00a0<\/strong><\/p><figure id=\"attachment_1136581\" class=\"wp-caption aligncenter\"><img decoding=\"async\" class=\"wp-image-1136581 size-full processed\" src=\"https:\/\/ecoonline.s3.amazonaws.com\/uploads\/2023\/01\/cropped-pequeno-almoccca7o-ecoseguros41.jpg\" alt=\"\" width=\"2000\" height=\"1125\" \/><\/figure>\t\t\t\t\t\t<\/div>\n\t\t\t\t<\/div>\n\t\t\t\t\t<\/div>\n\t\t<\/div>\n\t\t\t\t<div class=\"elementor-column elementor-col-50 elementor-inner-column elementor-element elementor-element-d30d7a1\" data-id=\"d30d7a1\" data-element_type=\"column\">\n\t\t\t<div class=\"elementor-widget-wrap elementor-element-populated\">\n\t\t\t\t\t\t\t\t<div class=\"elementor-element elementor-element-6260bc9 elementor-widget elementor-widget-heading\" data-id=\"6260bc9\" data-element_type=\"widget\" data-widget_type=\"heading.default\">\n\t\t\t\t<div class=\"elementor-widget-container\">\n\t\t\t<h3 class=\"elementor-heading-title elementor-size-default\">Covid 19<\/h3>\t\t<\/div>\n\t\t\t\t<\/div>\n\t\t\t\t<div class=\"elementor-element elementor-element-3a99000 elementor-widget elementor-widget-text-editor\" data-id=\"3a99000\" data-element_type=\"widget\" data-widget_type=\"text-editor.default\">\n\t\t\t\t<div class=\"elementor-widget-container\">\n\t\t\t\t\t\t\t<div class=\"t-article-content-inner js-select-and-share-1\"><p class=\"t-article-content-intro-1 selectionShareable\"><strong>As letras pequeninas dos contratos dos seguros de vida n\u00e3o excluem eventuais danos causados pela toma das vacinas contra a covid-19, asseguraram as principais companhias, ao JN.<\/strong><\/p><p class=\"selectionShareable\">Entre mais de 11 milh\u00f5es de vacinas administradas em\u00a0<a class=\"ngx-body-text-entity\" href=\"https:\/\/www.jn.pt\/entidade\/local\/portugal.html\">Portugal<\/a>, at\u00e9 22 de julho, o\u00a0<a class=\"ngx-body-text-entity\" href=\"https:\/\/www.jn.pt\/entidade\/org\/infarmed.html\">Infarmed<\/a>\u00a0contabilizou 4015 casos graves de rea\u00e7\u00e3o adversa, incluindo 1087 incapacitados e 68 mortos. A base de dados europeia de notifica\u00e7\u00f5es de rea\u00e7\u00f5es adversas medicamentosas suspeitas contabiliza, em 500 milh\u00f5es de doses de vacinas, 394 mortes, 13 075 incapacitados permanentes e 330 com sequelas.<\/p><aside class=\"relacionados-no-texto\"><section class=\"t-section-list-2 t-content-responsive-1\"><header class=\"t-section-title-1\"><h3>RELACIONADOS<\/h3><p>\u00a0<\/p><\/header><\/section><\/aside><div id=\"artigotexto_14038255\"><aside class=\"t-article-float-media-1\"><div class=\"t-article-block-1\"><div class=\"t-callout-pic-1\"><figure><img decoding=\"async\" class=\" ls-is-cached lazyloaded\" src=\"https:\/\/static.globalnoticias.pt\/jn\/image.jpg?brand=JN&amp;type=generate&amp;guid=096e7d32-404f-4fde-a2aa-9192bf9fb8a7&amp;w=800&amp;h=318&amp;t=20210817132057\" alt=\"Desde o in\u00edcio da pandemia, j\u00e1 foram pagas indemniza\u00e7\u00f5es no valor de 2 849 441,33\u20ac, relativas a 111 sinistrados\" data-src=\"https:\/\/static.globalnoticias.pt\/jn\/image.jpg?brand=JN&amp;type=generate&amp;guid=096e7d32-404f-4fde-a2aa-9192bf9fb8a7&amp;w=800&amp;h=318&amp;t=20210817132057\" \/><\/figure><\/div><\/div><\/aside><\/div><\/div><aside class=\"t-paywall-1 js-readmore-1\"><div class=\"t-paywall-inner\"><div class=\"t-paywall-header\">\u00a0<\/div><\/div><\/aside>\t\t\t\t\t\t<\/div>\n\t\t\t\t<\/div>\n\t\t\t\t\t<\/div>\n\t\t<\/div>\n\t\t\t\t\t\t\t<\/div>\n\t\t<\/section>\n\t\t\t\t\t<\/div>\n\t\t<\/div>\n\t\t\t\t\t\t\t<\/div>\n\t\t<\/section>\n\t\t\t\t\t\t\t<\/div>\n\t\t","protected":false},"excerpt":{"rendered":"<p>As novidades no mundo dos seguros Zurich lan\u00e7a seguro exclusivo para startups e empreendedores Zurich\u00a0lan\u00e7ou o produto\u00a0Start&amp;Go,\u00a0um seguro criado para\u00a0startups\u00a0e empreendedores. Considerando o elevado potencial de crescimento e desenvolvimento das\u00a0startups, o Zurich Start&amp;Go possui uma\u00a0mec\u00e2nica modular,\u00a0que permite acompanhar a\u00a0evolu\u00e7\u00e3o da complexidade dos riscos\u00a0com que os empreendedores se deparam, nos diferentes ciclos dos seus neg\u00f3cios, sendo &hellip;<\/p>\n<p class=\"read-more\"> <a class=\"\" href=\"https:\/\/happyseguros.pt\/index.php\/about\/\"> <span class=\"screen-reader-text\">About<\/span> Read More &raquo;<\/a><\/p>\n","protected":false},"author":1,"featured_media":0,"parent":0,"menu_order":0,"comment_status":"closed","ping_status":"closed","template":"","meta":{"site-sidebar-layout":"no-sidebar","site-content-layout":"page-builder","ast-site-content-layout":"","site-content-style":"default","site-sidebar-style":"default","ast-global-header-display":"","ast-banner-title-visibility":"","ast-main-header-display":"","ast-hfb-above-header-display":"","ast-hfb-below-header-display":"","ast-hfb-mobile-header-display":"","site-post-title":"disabled","ast-breadcrumbs-content":"","ast-featured-img":"disabled","footer-sml-layout":"","theme-transparent-header-meta":"enabled","adv-header-id-meta":"","stick-header-meta":"","header-above-stick-meta":"","header-main-stick-meta":"","header-below-stick-meta":"","astra-migrate-meta-layouts":"default","ast-page-background-enabled":"default","ast-page-background-meta":{"desktop":{"background-color":"var(--ast-global-color-4)","background-image":"","background-repeat":"repeat","background-position":"center center","background-size":"auto","background-attachment":"scroll","background-type":"","background-media":"","overlay-type":"","overlay-color":"","overlay-gradient":""},"tablet":{"background-color":"","background-image":"","background-repeat":"repeat","background-position":"center center","background-size":"auto","background-attachment":"scroll","background-type":"","background-media":"","overlay-type":"","overlay-color":"","overlay-gradient":""},"mobile":{"background-color":"","background-image":"","background-repeat":"repeat","background-position":"center center","background-size":"auto","background-attachment":"scroll","background-type":"","background-media":"","overlay-type":"","overlay-color":"","overlay-gradient":""}},"ast-content-background-meta":{"desktop":{"background-color":"var(--ast-global-color-5)","background-image":"","background-repeat":"repeat","background-position":"center center","background-size":"auto","background-attachment":"scroll","background-type":"","background-media":"","overlay-type":"","overlay-color":"","overlay-gradient":""},"tablet":{"background-color":"var(--ast-global-color-5)","background-image":"","background-repeat":"repeat","background-position":"center center","background-size":"auto","background-attachment":"scroll","background-type":"","background-media":"","overlay-type":"","overlay-color":"","overlay-gradient":""},"mobile":{"background-color":"var(--ast-global-color-5)","background-image":"","background-repeat":"repeat","background-position":"center center","background-size":"auto","background-attachment":"scroll","background-type":"","background-media":"","overlay-type":"","overlay-color":"","overlay-gradient":""}},"footnotes":""},"_links":{"self":[{"href":"https:\/\/happyseguros.pt\/index.php\/wp-json\/wp\/v2\/pages\/1319"}],"collection":[{"href":"https:\/\/happyseguros.pt\/index.php\/wp-json\/wp\/v2\/pages"}],"about":[{"href":"https:\/\/happyseguros.pt\/index.php\/wp-json\/wp\/v2\/types\/page"}],"author":[{"embeddable":true,"href":"https:\/\/happyseguros.pt\/index.php\/wp-json\/wp\/v2\/users\/1"}],"replies":[{"embeddable":true,"href":"https:\/\/happyseguros.pt\/index.php\/wp-json\/wp\/v2\/comments?post=1319"}],"version-history":[{"count":13,"href":"https:\/\/happyseguros.pt\/index.php\/wp-json\/wp\/v2\/pages\/1319\/revisions"}],"predecessor-version":[{"id":1735,"href":"https:\/\/happyseguros.pt\/index.php\/wp-json\/wp\/v2\/pages\/1319\/revisions\/1735"}],"wp:attachment":[{"href":"https:\/\/happyseguros.pt\/index.php\/wp-json\/wp\/v2\/media?parent=1319"}],"curies":[{"name":"wp","href":"https:\/\/api.w.org\/{rel}","templated":true}]}}